e
Suppose 59 = 3*h - 604. Is h prime?
False
Suppose 5*a = 3*q - 6, -2*a - 32 = -4*q - 10. Suppose -2*w = -1 - q. Suppose w*y + 2*r = r + 174, y = -5*r + 53. Is y prime?
True
Suppose -2*v - 2*v + 5*g = 65, 70 = -5*v - 5*g. Is (-30)/4*730/v a composite number?
True
Let s = 4 - 4. Suppose 5*b + 52 - 242 = s. Is b prime?
False
Let r(p) = -16*p**3 - p**2 - 2*p - 1. Suppose -x + 6 = 2*z, -3*x - 14 = -4*x - 4*z. Is r(x) composite?
False
Let d = -1160 - -2233. Is d a prime number?
False
Let u be (-2 - -14)*(-74)/(-6). Suppose -j = -5*j + u. Is j prime?
True
Suppose 5*x + 3*g - 1421 = 0, -2 = g - 2*g. Let b = -200 + x. Is b prime?
True
Suppose 3*k = -2*k + 4*n + 8, -4*n = 5*k + 8. Suppose k = -o - 13 + 72. Is o prime?
True
Let i = -2 - 0. Let q be i/(-1)*(-3)/6. Is q/(-4) + (-1100)/(-16) prime?
False
Let t(z) = 3 + 4*z**3 + 0*z - 5*z**2 + 5*z - 3*z**3. Let i be t(4). Suppose 3*m = i*m - 44. Is m a prime number?
True
Let o = -1 - -3. Suppose 0 = o*m - 51 + 9. Is m composite?
True
Let l(m) = m**2 - 4*m - 8. Let r be l(6). Let z(d) = d**3 - 3*d**2 + 5*d - 4. Let y be z(4). Suppose -r*j - 3*x = y - 125, -3*x - 96 = -5*j. Is j composite?
True
Let a = 13 - -37. Suppose 0 = -p - p + a. Is p a prime number?
False
Let c(l) = -l**3 - 2*l**2 + 7*l + 3. Is c(-5) a composite number?
False
Suppose 2*i - 3*i = -295. Is i prime?
False
Let t = -7 - -9. Suppose -5*y = 3*m - 171, 2*y + 3*m - 68 = t*m. Is y composite?
True
Let v(b) = 7*b**3 - 10*b**2 + 15*b - 17. Let x(w) = -3*w**3 + 5*w**2 - 7*w + 8. Let y(l) = 4*v(l) + 9*x(l). Is y(-5) prime?
True
Suppose 7 = -2*i - 33. Is (-70)/3*30/i a composite number?
True
Suppose -6 = -0*f - 2*f. Suppose -n - f*s = 3*n - 57, -4*s = 2*n - 26. Is n prime?
False
Suppose v = 5 - 3. Suppose -l + v*l = 31. Is l prime?
True
Let y = 613 + -402. Is y a composite number?
False
Let f(j) = -196*j**2 - 4*j - 1. Let l(a) = -393*a**2 - 7*a - 2. Let o(v) = 7*f(v) - 4*l(v). Is o(1) prime?
False
Let v(d) = -7*d**2 + 12*d - 1. Let l be v(8). Is l/(-4) - 15/(-20) a composite number?
False
Let g(x) = -6 - x**3 + 10 + 7*x - 10*x**2 + 5. Is g(-11) prime?
True
Suppose -3 + 226 = x. Suppose -x + 38 = -y. Is y a prime number?
False
Is ((-1790)/(-15))/(2/3) composite?
False
Let u = 7 - 15. Let w = u - -10. Suppose p = w*k - 4, 2*p - 2*k - 17 = -3*k. Is p prime?
False
Let v = -681 + 1108. Is v a composite number?
True
Let u(q) = -q - 6. Let k(a) = -5*a**2 - 2*a + 1. Let x be k(1). Let g be u(x). Suppose 3*b - 249 = -g*b. Is b a composite number?
False
Suppose 0 = -5*k - k + 1422. Is k composite?
True
Suppose d = -0*d + 342. Let v = d + -157. Is v a prime number?
False
Suppose -569 = -x - 0*x. Let o = x - 244. Suppose -8*k = -3*k - o. Is k a prime number?
False
Let d(f) = 65*f**2 - f - 11. Is d(-2) prime?
True
Suppose 5*o = -0*o - 4*n + 76, -4*o + 61 = 3*n. Let s(b) = -4 + o + 2 - b**2. Is s(0) a prime number?
False
Is 631 - (2 + -5 + 3)/(-2) a prime number?
True
Suppose -s - 17 = -126. Is s prime?
True
Let p(n) = -n**2 + 9*n - 10. Let l be p(7). Is 592/5 + l/(-10) prime?
False
Let n(f) = f**3 - 11*f**2 - 11. Is n(12) a composite number?
True
Suppose -4*f + 6 = -90. Let b be (f/(-28))/(2/(-462)). Suppose -3 = 5*t - b. Is t a prime number?
False
Let d(r) = r + 5. Let w be d(-5). Suppose 0 = -w*y + 2*y - 226. Is y a composite number?
False
Suppose 3*h - 825 = -2*h. Suppose 0*u - 5*u + h = 0. Is u composite?
True
Let t be -5*((-18)/(-10) + -1). Let q = t - -3. Let b = 22 - q. Is b a prime number?
True
Suppose -4*x - 27 - 218 = -k, 5*x = 2*k - 496. Is k composite?
True
Is (17562/(-9))/(-4 - (-20)/6) a composite number?
False
Suppose -3*y = -y - 2502. Is y/(-12)*2*-2 a composite number?
True
Let g(s) = s. Let k(r) = 2*r + 1. Let a(v) = -g(v) + k(v). Let n be a(-3). Is (2/n)/((-3)/75) a prime number?
False
Let o(s) be the third derivative of -s**4/24 - s**3/6 - 4*s**2. Let p be o(-6). Suppose p*q - 181 = 4*g - 3*g, 2*g = -4*q + 156. Is q composite?
False
Suppose -1579 - 652 = -b. Is b composite?
True
Suppose -4*i = 5*r - 42, 13 = 3*r - 2*i - 21. Let a = r - 7. Suppose a*x + 111 = 6*x. Is x composite?
False
Let p(x) = -9*x**2 + 2. Let u be p(4). Let g = -57 - u. Is g a composite number?
True
Let i(b) = -2*b + 3985. Is i(0) composite?
True
Suppose w - 210 = 47. Is w a prime number?
True
Suppose -4*o = 5*w - 996 - 486, -w = 2. Is o composite?
False
Is ((-415)/(-20))/(2/8) a composite number?
False
Let i be 1/(2/(41 + -1)). Suppose -3*y + y - i = 0. Let s = 4 - y. Is s composite?
True
Let q(d) = -d + 23. Let b be q(0). Suppose -29 = -2*o + b. Is o prime?
False
Suppose 0 = 4*b + 16, -h - 3*b - 14 = -b. Is (h - -2) + 1 - -164 prime?
False
Suppose x = 4, s - 246 = -s - 5*x. Is s a composite number?
False
Let a = 29 - 21. Suppose 2*n = a - 4. Suppose 0*v = 5*y - n*v - 39, 3*v - 22 = -4*y. Is y prime?
True
Let j(q) = q - 1. Let b be j(3). Suppose b*t + 0*t = 68. Is t a composite number?
True
Let z(w) = 2*w**3 + 2*w**2 - 3*w + 1. Is z(4) a composite number?
False
Let g(x) = -36*x + 1. Is g(-1) a prime number?
True
Suppose -3*d = -16 + 4. Suppose -15 = 3*f - d*f. Is f prime?
False
Suppose 4*j = 186 + 138. Suppose 3*f - 5*f = 52. Let d = j + f. Is d a prime number?
False
Is 1660/12 - (-2)/3 prime?
True
Let i(f) = 73*f - 14. Is i(19) a prime number?
True
Let d(a) be the third derivative of -89*a**6/720 - a**5/30 - a**4/24 + 3*a**2. Let n(q) be the second derivative of d(q). Is n(-3) composite?
False
Let g(r) = -18*r - 3. Suppose 10 = -5*h - 10. Is g(h) a composite number?
True
Let s = 43 + -31. Let y = 0 + 1. Is (1 + y)*42/s a prime number?
True
Suppose 0 = 5*z - 22 - 583. Suppose w - 32 = -f, -4*f = -6*w + 3*w - z. Is f a composite number?
False
Let h be 35/10 - 2/4. Suppose -h*z + 192 = -339. Is z a prime number?
False
Let x be (-8)/(-6)*21/14. Let c = 6 - x. Is c a composite number?
True
Suppose 0*w - 5*w = 35. Let d(m) = m**3 + 8*m**2 + 4*m - 7. Let i be d(w). Let y = i - 7. Is y a composite number?
False
Let y(c) = 2*c - 1190. Let o be y(0). Let g = -745 - o. Is g a composite number?
True
Suppose 3*a - 153 - 81 = 0. Suppose 2*z - u - a = 0, 10*z - 5*z = -u + 181. Is z a prime number?
True
Suppose -d = -4*b - 311, 4*d = 2*b + 926 + 304. Is d composite?
False
Let y(r) be the first derivative of r**3/3 - 2*r**2 + 4*r + 2. Let t be y(3). Is (-282)/(-8) - t/4 a prime number?
False
Is (-12)/20 - 4974/(-15) a prime number?
True
Let t(d) = -13*d - 7. Let y be t(-6). Let x(i) = -8*i + 8. Let r be x(-6). Suppose 2*n + r = a - y, 3*n = -a + 127. Is a a prime number?
True
Suppose 14 = f - 39. Suppose 2*r = r + f. Is r composite?
False
Let t be 9/(((-45)/6)/(-5)). Suppose -a - 2*p = -t*p - 10, 5*a + 2*p - 28 = 0. Is (-9)/a*38/(-3) prime?
True
Let g = -93 - -259. Let c = g + -63. Is c composite?
False
Is (0 + -1)*-351 - -2 prime?
True
Suppose 2*r - 2*t - 128 = 40, 94 = r - 3*t. Is r a prime number?
True
Let q(v) = v**2 + 31. Let k be q(0). Let r(n) = -2 + k*n - 7*n + 1. Is r(2) composite?
False
Suppose -t = -5*k + 616 + 342, 2*t - 185 = -k. Is k prime?
True
Let c = 17 + -24. Is -3*c/(42/68) a prime number?
False
Suppose 4 = -4*v, -4*w + 28 + 17 = -v. Let y be 0/(-3 - (-1 - 0)). Suppose 3*z + 4 + w = y, 4*n + z = 615. Is n a prime number?
False
Let c(z) = -60*z + 3 - 10 - 7. Let y(t) = 20*t + 5. Let d(n) = 4*c(n) + 11*y(n). Is d(-3) a composite number?
False
Suppose -5*l + 2383 = 658. Is (2/6)/(5/l) composite?
False
Let r(l) = -338*l + 3. Is r(-1) prime?
False
Let z(a) = 87*a + 2. Is z(1) a composite number?
False
Let m be (-20)/(-15)*3/(-2). Is (-26130)/(-70) + m/7 prime?
True
Is 393/6*(-12)/(-6) a composite number?
False
Let z(w) = -6*w**3 - w**2 - w - 1. Let i be z(-1). Suppose -i*q + 3*r + 407 = 0, 9*r - 296 = -4*q + 4*r. Is q composite?
False
Suppose -5*w = 4*x - 1381, -796 - 575 = -4*x - 3*w. Is x a prime number?
False
Is -22 + 19 + (0/2 - -10162) a composite number?
False
Suppose -5*a - y = -6*y - 2905, -4*a + 2*y = -2324. Is a a composite number?
True
Let c = -14 + 391. Is c prime?
False
Suppose -5*q + 14 = -3*p, -3*p + 10 + 16 = 5*q. Let a = 4 - p. Suppose 0*o + a*o = 134. Is o composite?
False
Suppose 0 = -3*w + 38 + 16. Suppose 3*o = 2*h + 44, o = h + 3*h + w. Is o a composite number?
True
Suppose -163 = -x + 22. Suppose -2*r - x = -7*r. Is r composite?
False
Suppose 2*z -